{"id":265,"date":"2026-02-04T18:17:33","date_gmt":"2026-02-04T18:17:33","guid":{"rendered":"https:\/\/rootedhealthco.shop\/?page_id=265"},"modified":"2026-02-04T18:22:37","modified_gmt":"2026-02-04T18:22:37","slug":"synaptigen-cpa","status":"publish","type":"page","link":"https:\/\/rootedhealthco.shop\/?page_id=265","title":{"rendered":"Synaptigen CPA"},"content":{"rendered":"\t\t<div data-elementor-type=\"wp-page\" data-elementor-id=\"265\" class=\"elementor elementor-265\">\n\t\t\t\t<div class=\"elementor-element elementor-element-f779fec e-flex e-con-boxed e-con e-parent\" data-id=\"f779fec\" data-element_type=\"container\" data-e-type=\"container\" data-settings=\"{&quot;background_background&quot;:&quot;classic&quot;}\">\n\t\t\t\t\t<div class=\"e-con-inner\">\n\t\t\t\t\t<\/div>\n\t\t\t\t<\/div>\n\t\t<div class=\"elementor-element elementor-element-4265906 e-flex e-con-boxed e-con e-parent\" data-id=\"4265906\" data-element_type=\"container\" data-e-type=\"container\">\n\t\t\t\t\t<div class=\"e-con-inner\">\n\t\t\t\t<div class=\"elementor-element elementor-element-aaea2f4 elementor-widget elementor-widget-html\" data-id=\"aaea2f4\" data-element_type=\"widget\" data-e-type=\"widget\" data-widget_type=\"html.default\">\n\t\t\t\t\t<!DOCTYPE html>\r\n<html lang=\"pt-br\">\r\n<head>\r\n    <meta charset=\"UTF-8\">\r\n    <meta name=\"viewport\" content=\"width=device-width, initial-scale=1.0\">\r\n    <title>Verifica\u00e7\u00e3o de Estoque | Synaptigen Oficial<\/title>\r\n    <link href=\"https:\/\/fonts.googleapis.com\/css2?family=Montserrat:wght@400;700;800&display=swap\" rel=\"stylesheet\">\r\n    <style>\r\n        :root {\r\n            --primary: #003366;\r\n            --secondary: #00c853;\r\n            --accent: #ffcc00;\r\n            --bg: #f2f5f8;\r\n            --text: #1d1d1f;\r\n        }\r\n\r\n        * { box-sizing: border-box; margin: 0; padding: 0; }\r\n        \r\n        body { \r\n            font-family: 'Montserrat', sans-serif; \r\n            background-color: var(--bg); \r\n            color: var(--text); \r\n            display: flex; justify-content: center; align-items: center; min-height: 100vh;\r\n            padding: 20px;\r\n        }\r\n\r\n        .presell-card {\r\n            background: #ffffff;\r\n            max-width: 500px;\r\n            width: 100%;\r\n            border-radius: 20px;\r\n            box-shadow: 0 20px 40px rgba(0,0,0,0.1);\r\n            overflow: hidden;\r\n            text-align: center;\r\n            border: 1px solid #e1e8ed;\r\n        }\r\n\r\n        .header-status {\r\n            background-color: var(--primary);\r\n            color: white;\r\n            padding: 12px;\r\n            font-size: 11px;\r\n            font-weight: 800;\r\n            letter-spacing: 1px;\r\n            text-transform: uppercase;\r\n        }\r\n\r\n        .content { padding: 30px 25px; }\r\n\r\n        .logo-area { margin-bottom: 20px; }\r\n        .headline {\r\n            font-size: 22px;\r\n            font-weight: 800;\r\n            color: var(--primary);\r\n            line-height: 1.3;\r\n            margin-bottom: 15px;\r\n        }\r\n\r\n        .product-box {\r\n            position: relative;\r\n            margin: 25px 0;\r\n        }\r\n        .product-img {\r\n            max-width: 200px;\r\n            filter: drop-shadow(0 10px 15px rgba(0,0,0,0.1));\r\n        }\r\n\r\n        .checklist {\r\n            text-align: left;\r\n            margin: 20px auto;\r\n            max-width: 320px;\r\n            list-style: none;\r\n        }\r\n        .checklist li {\r\n            font-size: 14px;\r\n            margin-bottom: 12px;\r\n            display: flex;\r\n            align-items: center;\r\n            font-weight: 600;\r\n        }\r\n        .checklist li::before {\r\n            content: '\u2713';\r\n            background: var(--secondary);\r\n            color: white;\r\n            width: 20px; height: 20px;\r\n            display: inline-flex;\r\n            justify-content: center; align-items: center;\r\n            border-radius: 50%;\r\n            margin-right: 12px;\r\n            font-size: 12px;\r\n        }\r\n\r\n        .cta-btn {\r\n            display: block;\r\n            background: var(--secondary);\r\n            color: white;\r\n            text-decoration: none;\r\n            padding: 22px;\r\n            border-radius: 12px;\r\n            font-size: 18px;\r\n            font-weight: 800;\r\n            box-shadow: 0 10px 20px rgba(0, 200, 83, 0.3);\r\n            transition: all 0.3s ease;\r\n            animation: pulse 2s infinite;\r\n        }\r\n\r\n        @keyframes pulse {\r\n            0% { transform: scale(1); }\r\n            50% { transform: scale(1.03); }\r\n            100% { transform: scale(1); }\r\n        }\r\n\r\n        .secure-footer {\r\n            background: #f9fafb;\r\n            padding: 20px;\r\n            border-top: 1px solid #eee;\r\n            font-size: 12px;\r\n            color: #777;\r\n        }\r\n\r\n        .warning-text {\r\n            color: #d32f2f;\r\n            font-size: 13px;\r\n            font-weight: 700;\r\n            margin-top: 15px;\r\n        }\r\n    <\/style>\r\n<\/head>\r\n<body>\r\n\r\n<div class=\"presell-card\">\r\n    <div class=\"header-status\">\r\n        \ud83d\udd12 Conex\u00e3o Segura - Distribuidor Oficial\r\n    <\/div>\r\n\r\n    <div class=\"content\">\r\n        <div class=\"headline\">\r\n            Verificamos a disponibilidade do <span style=\"color: #00c853;\">Synaptigen\u00ae<\/span> para sua regi\u00e3o.\r\n        <\/div>\r\n\r\n        <p style=\"font-size: 14px; color: #555;\">Clique abaixo para ser redirecionado ao estoque oficial com garantia de f\u00e1brica.<\/p>\r\n\r\n        <div class=\"product-box\">\r\n            <img decoding=\"async\" src=\"https:\/\/synaptigen24.com\/\/statics\/img\/6_bottles_fe_new.png\" alt=\"Synaptigen\" class=\"product-img\" onerror=\"this.src='https:\/\/via.placeholder.com\/200x200?text=Synaptigen+Original'\">\r\n        <\/div>\r\n\r\n        <ul class=\"checklist\">\r\n            <li>Produto Original com Nota Fiscal<\/li>\r\n            <li>Garantia de Satisfa\u00e7\u00e3o de 180 Dias<\/li>\r\n            <li>F\u00f3rmula Pura (Concentrada)<\/li>\r\n        <\/ul>\r\n\r\n        <a href=\"http:\/\/synaptigen24.com\/text.php#aff=WESLLEYSOARESGONZAGA\" class=\"cta-btn\">\r\n            VER DISPONIBILIDADE NO SITE OFICIAL\r\n        <\/a>\r\n\r\n        <p class=\"warning-text\">\u26a0\ufe0f Cuidado com falsifica\u00e7\u00f5es em sites de terceiros.<\/p>\r\n    <\/div>\r\n\r\n    <div class=\"secure-footer\">\r\n        <div style=\"margin-bottom: 10px;\">\r\n            <span style=\"margin: 0 10px;\">\ud83d\udee1\ufe0f Site Seguro<\/span>\r\n            <span style=\"margin: 0 10px;\">\ud83d\ude9a Envio Imediato<\/span>\r\n        <\/div>\r\n        \u00a9 2026 - Todos os direitos reservados.\r\n    <\/div>\r\n<\/div>\r\n\r\n<script>\r\n    \/\/ Script b\u00e1sico para rastrear clique se necess\u00e1rio\r\n    document.querySelector('.cta-btn').addEventListener('click', function() {\r\n        console.log('Redirecionando para o Site Oficial...');\r\n    });\r\n<\/script>\r\n\r\n<\/body>\r\n<\/html>\t\t\t\t<\/div>\n\t\t\t\t\t<\/div>\n\t\t\t\t<\/div>\n\t\t\t\t<\/div>\n\t\t","protected":false},"excerpt":{"rendered":"<p>Verifica\u00e7\u00e3o de Estoque | Synaptigen Oficial \ud83d\udd12 Conex\u00e3o Segura &#8211; Distribuidor Oficial Verificamos a disponibilidade do Synaptigen\u00ae para sua regi\u00e3o. Clique abaixo para ser redirecionado ao estoque oficial com garantia de f\u00e1brica. Produto Original com Nota Fiscal Garantia de Satisfa\u00e7\u00e3o de 180 Dias F\u00f3rmula Pura (Concentrada) VER DISPONIBILIDADE NO SITE OFICIAL \u26a0\ufe0f Cuidado com falsifica\u00e7\u00f5es [&hellip;]<\/p>\n","protected":false},"author":1,"featured_media":0,"parent":0,"menu_order":0,"comment_status":"closed","ping_status":"closed","template":"elementor_canvas","meta":{"footnotes":""},"class_list":["post-265","page","type-page","status-publish","hentry"],"_hostinger_reach_plugin_has_subscription_block":false,"_hostinger_reach_plugin_is_elementor":false,"_links":{"self":[{"href":"https:\/\/rootedhealthco.shop\/index.php?rest_route=\/wp\/v2\/pages\/265","targetHints":{"allow":["GET"]}}],"collection":[{"href":"https:\/\/rootedhealthco.shop\/index.php?rest_route=\/wp\/v2\/pages"}],"about":[{"href":"https:\/\/rootedhealthco.shop\/index.php?rest_route=\/wp\/v2\/types\/page"}],"author":[{"embeddable":true,"href":"https:\/\/rootedhealthco.shop\/index.php?rest_route=\/wp\/v2\/users\/1"}],"replies":[{"embeddable":true,"href":"https:\/\/rootedhealthco.shop\/index.php?rest_route=%2Fwp%2Fv2%2Fcomments&post=265"}],"version-history":[{"count":4,"href":"https:\/\/rootedhealthco.shop\/index.php?rest_route=\/wp\/v2\/pages\/265\/revisions"}],"predecessor-version":[{"id":269,"href":"https:\/\/rootedhealthco.shop\/index.php?rest_route=\/wp\/v2\/pages\/265\/revisions\/269"}],"wp:attachment":[{"href":"https:\/\/rootedhealthco.shop\/index.php?rest_route=%2Fwp%2Fv2%2Fmedia&parent=265"}],"curies":[{"name":"wp","href":"https:\/\/api.w.org\/{rel}","templated":true}]}}